{"id":8874,"date":"2024-08-08T17:20:06","date_gmt":"2024-08-08T17:20:06","guid":{"rendered":"https:\/\/moveislaranjo.com\/loja-online\/?page_id=8874"},"modified":"2024-08-13T14:12:11","modified_gmt":"2024-08-13T14:12:11","slug":"termos-gerais","status":"publish","type":"page","link":"https:\/\/moveislaranjo.com\/loja-online\/termos-gerais\/","title":{"rendered":"Termos Gerais"},"content":{"rendered":"\t\t<div data-elementor-type=\"wp-page\" data-elementor-id=\"8874\" class=\"elementor elementor-8874\">\n\t\t\t\t\t\t<section class=\"elementor-section elementor-top-section elementor-element elementor-element-5e82540 elementor-section-full_width elementor-section-height-min-height elementor-section-height-default elementor-section-items-middle\" data-id=\"5e82540\" data-element_type=\"section\" data-e-type=\"section\" data-settings=\"{&quot;background_background&quot;:&quot;classic&quot;}\">\n\t\t\t\t\t\t<div class=\"elementor-container elementor-column-gap-default\">\n\t\t\t\t\t<div class=\"elementor-column elementor-col-100 elementor-top-column elementor-element elementor-element-e7ffd30\" data-id=\"e7ffd30\" data-element_type=\"column\" data-e-type=\"column\">\n\t\t\t<div class=\"elementor-widget-wrap elementor-element-populated\">\n\t\t\t\t\t\t<div class=\"elementor-element elementor-element-d2377ad elementor-widget elementor-widget-heading\" data-id=\"d2377ad\" data-element_type=\"widget\" data-e-type=\"widget\" data-widget_type=\"heading.default\">\n\t\t\t\t<div class=\"elementor-widget-container\">\n\t\t\t\t\t<h1 class=\"elementor-heading-title elementor-size-default\">Termos Gerais<\/h1>\t\t\t\t<\/div>\n\t\t\t\t<\/div>\n\t\t\t\t\t<\/div>\n\t\t<\/div>\n\t\t\t\t\t<\/div>\n\t\t<\/section>\n\t\t\t\t<section class=\"elementor-section elementor-top-section elementor-element elementor-element-2114819 elementor-section-boxed elementor-section-height-default elementor-section-height-default\" data-id=\"2114819\" data-element_type=\"section\" data-e-type=\"section\">\n\t\t\t\t\t\t<div class=\"elementor-container elementor-column-gap-default\">\n\t\t\t\t\t<div class=\"elementor-column elementor-col-100 elementor-top-column elementor-element elementor-element-f820de1\" data-id=\"f820de1\" data-element_type=\"column\" data-e-type=\"column\">\n\t\t\t<div class=\"elementor-widget-wrap elementor-element-populated\">\n\t\t\t\t\t\t<div class=\"elementor-element elementor-element-5380ec0 elementor-widget elementor-widget-spacer\" data-id=\"5380ec0\" data-element_type=\"widget\" data-e-type=\"widget\" data-widget_type=\"spacer.default\">\n\t\t\t\t<div class=\"elementor-widget-container\">\n\t\t\t\t\t\t\t<div class=\"elementor-spacer\">\n\t\t\t<div class=\"elementor-spacer-inner\"><\/div>\n\t\t<\/div>\n\t\t\t\t\t\t<\/div>\n\t\t\t\t<\/div>\n\t\t\t\t<div class=\"elementor-element elementor-element-a02f38f elementor-widget elementor-widget-text-editor\" data-id=\"a02f38f\" data-element_type=\"widget\" data-e-type=\"widget\" data-widget_type=\"text-editor.default\">\n\t\t\t\t<div class=\"elementor-widget-container\">\n\t\t\t\t\t\t\t\t\t<p>Aten\u00e7\u00e3o: Este site encontra-se ainda em desenvolvimento, tratando-se de uma p\u00e1gina teste. <br>Por esta raz\u00e3o encomendas n\u00e3o ser\u00e3o aceites\/fornecidas.<\/p>\t\t\t\t\t\t\t\t<\/div>\n\t\t\t\t<\/div>\n\t\t\t\t<div class=\"elementor-element elementor-element-c972200 elementor-widget elementor-widget-text-editor\" data-id=\"c972200\" data-element_type=\"widget\" data-e-type=\"widget\" data-widget_type=\"text-editor.default\">\n\t\t\t\t<div class=\"elementor-widget-container\">\n\t\t\t\t\t\t\t\t\t<p><span style=\"background-color: transparent; color: var(--global-palette5); font-family: var(--global-body-font-family);\">Para navegar neste site \u00e9 fundamental ler e concordar com os Termos Gerais de Utiliza\u00e7\u00e3o.<br \/><\/span><span style=\"background-color: transparent; color: var(--global-palette5); font-family: var(--global-body-font-family);\">Os Termos Gerais englobam, a\u00a0<\/span><a href=\"https:\/\/moveislaranjo.com\/loja-online\/politica-de-privacidade-e-rgpd\/\" target=\"_blank\" rel=\"noopener\">Pol\u00edtica de Privacidade e Prote\u00e7\u00e3o de Dados<\/a>\u00a0<span style=\"background-color: transparent; color: var(--global-palette5); font-family: var(--global-body-font-family);\">e os\u00a0<\/span><a href=\"https:\/\/moveislaranjo.com\/loja-online\/termos-e-condicoes-de-venda\/\" target=\"_blank\" rel=\"noopener\">Termos e Condi\u00e7\u00f5es de Venda<\/a><\/p>\t\t\t\t\t\t\t\t<\/div>\n\t\t\t\t<\/div>\n\t\t\t\t\t<\/div>\n\t\t<\/div>\n\t\t\t\t\t<\/div>\n\t\t<\/section>\n\t\t\t\t<section class=\"elementor-section elementor-top-section elementor-element elementor-element-ad940ef elementor-section-boxed elementor-section-height-default elementor-section-height-default\" data-id=\"ad940ef\" data-element_type=\"section\" data-e-type=\"section\">\n\t\t\t\t\t\t<div class=\"elementor-container elementor-column-gap-default\">\n\t\t\t\t\t<div class=\"elementor-column elementor-col-50 elementor-top-column elementor-element elementor-element-21a2761\" data-id=\"21a2761\" data-element_type=\"column\" data-e-type=\"column\">\n\t\t\t<div class=\"elementor-widget-wrap elementor-element-populated\">\n\t\t\t\t\t\t<div class=\"elementor-element elementor-element-c8514ad elementor-align-center elementor-mobile-align-justify elementor-widget elementor-widget-button\" data-id=\"c8514ad\" data-element_type=\"widget\" data-e-type=\"widget\" data-widget_type=\"button.default\">\n\t\t\t\t<div class=\"elementor-widget-container\">\n\t\t\t\t\t\t\t\t\t<div class=\"elementor-button-wrapper\">\n\t\t\t\t\t<a class=\"elementor-button elementor-button-link elementor-size-sm\" href=\"https:\/\/moveislaranjo.com\/loja-online\/politica-de-privacidade-e-rgpd\/\">\n\t\t\t\t\t\t<span class=\"elementor-button-content-wrapper\">\n\t\t\t\t\t\t\t\t\t<span class=\"elementor-button-text\"> Pol\u00edtica de Privacidade e Prote\u00e7\u00e3o de Dados<\/span>\n\t\t\t\t\t<\/span>\n\t\t\t\t\t<\/a>\n\t\t\t\t<\/div>\n\t\t\t\t\t\t\t\t<\/div>\n\t\t\t\t<\/div>\n\t\t\t\t\t<\/div>\n\t\t<\/div>\n\t\t\t\t<div class=\"elementor-column elementor-col-50 elementor-top-column elementor-element elementor-element-7435a57\" data-id=\"7435a57\" data-element_type=\"column\" data-e-type=\"column\">\n\t\t\t<div class=\"elementor-widget-wrap elementor-element-populated\">\n\t\t\t\t\t\t<div class=\"elementor-element elementor-element-d71706a elementor-align-center elementor-mobile-align-justify elementor-widget elementor-widget-button\" data-id=\"d71706a\" data-element_type=\"widget\" data-e-type=\"widget\" data-widget_type=\"button.default\">\n\t\t\t\t<div class=\"elementor-widget-container\">\n\t\t\t\t\t\t\t\t\t<div class=\"elementor-button-wrapper\">\n\t\t\t\t\t<a class=\"elementor-button elementor-button-link elementor-size-sm\" href=\"https:\/\/moveislaranjo.com\/loja-online\/termos-e-condicoes-de-venda\/\">\n\t\t\t\t\t\t<span class=\"elementor-button-content-wrapper\">\n\t\t\t\t\t\t\t\t\t<span class=\"elementor-button-text\">Termos e Condi\u00e7\u00f5es de Venda<\/span>\n\t\t\t\t\t<\/span>\n\t\t\t\t\t<\/a>\n\t\t\t\t<\/div>\n\t\t\t\t\t\t\t\t<\/div>\n\t\t\t\t<\/div>\n\t\t\t\t\t<\/div>\n\t\t<\/div>\n\t\t\t\t\t<\/div>\n\t\t<\/section>\n\t\t\t\t<section class=\"elementor-section elementor-top-section elementor-element elementor-element-4c2e0ed elementor-section-boxed elementor-section-height-default elementor-section-height-default\" data-id=\"4c2e0ed\" data-element_type=\"section\" data-e-type=\"section\">\n\t\t\t\t\t\t<div class=\"elementor-container elementor-column-gap-default\">\n\t\t\t\t\t<div class=\"elementor-column elementor-col-100 elementor-top-column elementor-element elementor-element-1f8f1ba\" data-id=\"1f8f1ba\" data-element_type=\"column\" data-e-type=\"column\">\n\t\t\t<div class=\"elementor-widget-wrap elementor-element-populated\">\n\t\t\t\t\t\t<div class=\"elementor-element elementor-element-24f41cf elementor-widget elementor-widget-spacer\" data-id=\"24f41cf\" data-element_type=\"widget\" data-e-type=\"widget\" data-widget_type=\"spacer.default\">\n\t\t\t\t<div class=\"elementor-widget-container\">\n\t\t\t\t\t\t\t<div class=\"elementor-spacer\">\n\t\t\t<div class=\"elementor-spacer-inner\"><\/div>\n\t\t<\/div>\n\t\t\t\t\t\t<\/div>\n\t\t\t\t<\/div>\n\t\t\t\t\t<\/div>\n\t\t<\/div>\n\t\t\t\t\t<\/div>\n\t\t<\/section>\n\t\t\t\t<\/div>\n\t\t","protected":false},"excerpt":{"rendered":"<p>Termos Gerais Aten\u00e7\u00e3o: Este site encontra-se ainda em desenvolvimento, tratando-se de uma p\u00e1gina teste. Por esta raz\u00e3o encomendas n\u00e3o ser\u00e3o aceites\/fornecidas. Para navegar neste site \u00e9 fundamental ler e concordar com os Termos Gerais de Utiliza\u00e7\u00e3o.Os Termos Gerais englobam, a\u00a0Pol\u00edtica de Privacidade e Prote\u00e7\u00e3o de Dados\u00a0e os\u00a0Termos e Condi\u00e7\u00f5es de Venda Pol\u00edtica de Privacidade e&#8230;<\/p>\n","protected":false},"author":2,"featured_media":0,"parent":0,"menu_order":0,"comment_status":"closed","ping_status":"closed","template":"","meta":{"_kad_post_transparent":"","_kad_post_title":"hide","_kad_post_layout":"fullwidth","_kad_post_sidebar_id":"","_kad_post_content_style":"unboxed","_kad_post_vertical_padding":"hide","_kad_post_feature":"hide","_kad_post_feature_position":"","_kad_post_header":false,"_kad_post_footer":false,"footnotes":""},"class_list":["post-8874","page","type-page","status-publish","hentry"],"yoast_head":"<!-- This site is optimized with the Yoast SEO plugin v23.7 - https:\/\/yoast.com\/wordpress\/plugins\/seo\/ -->\n<title>Termos Gerais - M\u00f3veis Laranjo<\/title>\n<meta name=\"robots\" content=\"index, follow, max-snippet:-1, max-image-preview:large, max-video-preview:-1\" \/>\n<link rel=\"canonical\" href=\"https:\/\/moveislaranjo.com\/loja-online\/termos-gerais\/\" \/>\n<meta property=\"og:locale\" content=\"pt_PT\" \/>\n<meta property=\"og:type\" content=\"article\" \/>\n<meta property=\"og:title\" content=\"Termos Gerais - M\u00f3veis Laranjo\" \/>\n<meta property=\"og:description\" content=\"Termos Gerais Aten\u00e7\u00e3o: Este site encontra-se ainda em desenvolvimento, tratando-se de uma p\u00e1gina teste. Por esta raz\u00e3o encomendas n\u00e3o ser\u00e3o aceites\/fornecidas. Para navegar neste site \u00e9 fundamental ler e concordar com os Termos Gerais de Utiliza\u00e7\u00e3o.Os Termos Gerais englobam, a\u00a0Pol\u00edtica de Privacidade e Prote\u00e7\u00e3o de Dados\u00a0e os\u00a0Termos e Condi\u00e7\u00f5es de Venda Pol\u00edtica de Privacidade e...\" \/>\n<meta property=\"og:url\" content=\"https:\/\/moveislaranjo.com\/loja-online\/termos-gerais\/\" \/>\n<meta property=\"og:site_name\" content=\"M\u00f3veis Laranjo\" \/>\n<meta property=\"article:publisher\" content=\"https:\/\/www.facebook.com\/moveislaranjo\" \/>\n<meta property=\"article:modified_time\" content=\"2024-08-13T14:12:11+00:00\" \/>\n<meta name=\"twitter:card\" content=\"summary_large_image\" \/>\n<meta name=\"twitter:site\" content=\"@moveislaranjo\" \/>\n<meta name=\"twitter:label1\" content=\"Tempo estimado de leitura\" \/>\n\t<meta name=\"twitter:data1\" content=\"1 minuto\" \/>\n<script type=\"application\/ld+json\" class=\"yoast-schema-graph\">{\"@context\":\"https:\/\/schema.org\",\"@graph\":[{\"@type\":\"WebPage\",\"@id\":\"https:\/\/moveislaranjo.com\/loja-online\/termos-gerais\/\",\"url\":\"https:\/\/moveislaranjo.com\/loja-online\/termos-gerais\/\",\"name\":\"Termos Gerais - M\u00f3veis Laranjo\",\"isPartOf\":{\"@id\":\"https:\/\/moveislaranjo.com\/loja-online\/#website\"},\"datePublished\":\"2024-08-08T17:20:06+00:00\",\"dateModified\":\"2024-08-13T14:12:11+00:00\",\"breadcrumb\":{\"@id\":\"https:\/\/moveislaranjo.com\/loja-online\/termos-gerais\/#breadcrumb\"},\"inLanguage\":\"pt-PT\",\"potentialAction\":[{\"@type\":\"ReadAction\",\"target\":[\"https:\/\/moveislaranjo.com\/loja-online\/termos-gerais\/\"]}]},{\"@type\":\"BreadcrumbList\",\"@id\":\"https:\/\/moveislaranjo.com\/loja-online\/termos-gerais\/#breadcrumb\",\"itemListElement\":[{\"@type\":\"ListItem\",\"position\":1,\"name\":\"In\u00edcio\",\"item\":\"https:\/\/moveislaranjo.com\/loja-online\/\"},{\"@type\":\"ListItem\",\"position\":2,\"name\":\"Termos Gerais\"}]},{\"@type\":\"WebSite\",\"@id\":\"https:\/\/moveislaranjo.com\/loja-online\/#website\",\"url\":\"https:\/\/moveislaranjo.com\/loja-online\/\",\"name\":\"M\u00f3veis Laranjo\",\"description\":\"Loja Online\",\"publisher\":{\"@id\":\"https:\/\/moveislaranjo.com\/loja-online\/#organization\"},\"potentialAction\":[{\"@type\":\"SearchAction\",\"target\":{\"@type\":\"EntryPoint\",\"urlTemplate\":\"https:\/\/moveislaranjo.com\/loja-online\/?s={search_term_string}\"},\"query-input\":{\"@type\":\"PropertyValueSpecification\",\"valueRequired\":true,\"valueName\":\"search_term_string\"}}],\"inLanguage\":\"pt-PT\"},{\"@type\":\"Organization\",\"@id\":\"https:\/\/moveislaranjo.com\/loja-online\/#organization\",\"name\":\"M\u00f3veis Laranjo\",\"url\":\"https:\/\/moveislaranjo.com\/loja-online\/\",\"logo\":{\"@type\":\"ImageObject\",\"inLanguage\":\"pt-PT\",\"@id\":\"https:\/\/moveislaranjo.com\/loja-online\/#\/schema\/logo\/image\/\",\"url\":\"https:\/\/moveislaranjo.com\/loja-online\/wp-content\/uploads\/2022\/02\/logocordelaranja.png\",\"contentUrl\":\"https:\/\/moveislaranjo.com\/loja-online\/wp-content\/uploads\/2022\/02\/logocordelaranja.png\",\"width\":4505,\"height\":1440,\"caption\":\"M\u00f3veis Laranjo\"},\"image\":{\"@id\":\"https:\/\/moveislaranjo.com\/loja-online\/#\/schema\/logo\/image\/\"},\"sameAs\":[\"https:\/\/www.facebook.com\/moveislaranjo\",\"https:\/\/x.com\/moveislaranjo\",\"https:\/\/www.instagram.com\/moveislaranjo\",\"https:\/\/linkedin.com\/company\/moveislaranjo\",\"https:\/\/www.youtube.com\/@moveislaranjo\"]}]}<\/script>\n<!-- \/ Yoast SEO plugin. -->","yoast_head_json":{"title":"Termos Gerais - M\u00f3veis Laranjo","robots":{"index":"index","follow":"follow","max-snippet":"max-snippet:-1","max-image-preview":"max-image-preview:large","max-video-preview":"max-video-preview:-1"},"canonical":"https:\/\/moveislaranjo.com\/loja-online\/termos-gerais\/","og_locale":"pt_PT","og_type":"article","og_title":"Termos Gerais - M\u00f3veis Laranjo","og_description":"Termos Gerais Aten\u00e7\u00e3o: Este site encontra-se ainda em desenvolvimento, tratando-se de uma p\u00e1gina teste. Por esta raz\u00e3o encomendas n\u00e3o ser\u00e3o aceites\/fornecidas. Para navegar neste site \u00e9 fundamental ler e concordar com os Termos Gerais de Utiliza\u00e7\u00e3o.Os Termos Gerais englobam, a\u00a0Pol\u00edtica de Privacidade e Prote\u00e7\u00e3o de Dados\u00a0e os\u00a0Termos e Condi\u00e7\u00f5es de Venda Pol\u00edtica de Privacidade e...","og_url":"https:\/\/moveislaranjo.com\/loja-online\/termos-gerais\/","og_site_name":"M\u00f3veis Laranjo","article_publisher":"https:\/\/www.facebook.com\/moveislaranjo","article_modified_time":"2024-08-13T14:12:11+00:00","twitter_card":"summary_large_image","twitter_site":"@moveislaranjo","twitter_misc":{"Tempo estimado de leitura":"1 minuto"},"schema":{"@context":"https:\/\/schema.org","@graph":[{"@type":"WebPage","@id":"https:\/\/moveislaranjo.com\/loja-online\/termos-gerais\/","url":"https:\/\/moveislaranjo.com\/loja-online\/termos-gerais\/","name":"Termos Gerais - M\u00f3veis Laranjo","isPartOf":{"@id":"https:\/\/moveislaranjo.com\/loja-online\/#website"},"datePublished":"2024-08-08T17:20:06+00:00","dateModified":"2024-08-13T14:12:11+00:00","breadcrumb":{"@id":"https:\/\/moveislaranjo.com\/loja-online\/termos-gerais\/#breadcrumb"},"inLanguage":"pt-PT","potentialAction":[{"@type":"ReadAction","target":["https:\/\/moveislaranjo.com\/loja-online\/termos-gerais\/"]}]},{"@type":"BreadcrumbList","@id":"https:\/\/moveislaranjo.com\/loja-online\/termos-gerais\/#breadcrumb","itemListElement":[{"@type":"ListItem","position":1,"name":"In\u00edcio","item":"https:\/\/moveislaranjo.com\/loja-online\/"},{"@type":"ListItem","position":2,"name":"Termos Gerais"}]},{"@type":"WebSite","@id":"https:\/\/moveislaranjo.com\/loja-online\/#website","url":"https:\/\/moveislaranjo.com\/loja-online\/","name":"M\u00f3veis Laranjo","description":"Loja Online","publisher":{"@id":"https:\/\/moveislaranjo.com\/loja-online\/#organization"},"potentialAction":[{"@type":"SearchAction","target":{"@type":"EntryPoint","urlTemplate":"https:\/\/moveislaranjo.com\/loja-online\/?s={search_term_string}"},"query-input":{"@type":"PropertyValueSpecification","valueRequired":true,"valueName":"search_term_string"}}],"inLanguage":"pt-PT"},{"@type":"Organization","@id":"https:\/\/moveislaranjo.com\/loja-online\/#organization","name":"M\u00f3veis Laranjo","url":"https:\/\/moveislaranjo.com\/loja-online\/","logo":{"@type":"ImageObject","inLanguage":"pt-PT","@id":"https:\/\/moveislaranjo.com\/loja-online\/#\/schema\/logo\/image\/","url":"https:\/\/moveislaranjo.com\/loja-online\/wp-content\/uploads\/2022\/02\/logocordelaranja.png","contentUrl":"https:\/\/moveislaranjo.com\/loja-online\/wp-content\/uploads\/2022\/02\/logocordelaranja.png","width":4505,"height":1440,"caption":"M\u00f3veis Laranjo"},"image":{"@id":"https:\/\/moveislaranjo.com\/loja-online\/#\/schema\/logo\/image\/"},"sameAs":["https:\/\/www.facebook.com\/moveislaranjo","https:\/\/x.com\/moveislaranjo","https:\/\/www.instagram.com\/moveislaranjo","https:\/\/linkedin.com\/company\/moveislaranjo","https:\/\/www.youtube.com\/@moveislaranjo"]}]}},"_links":{"self":[{"href":"https:\/\/moveislaranjo.com\/loja-online\/wp-json\/wp\/v2\/pages\/8874","targetHints":{"allow":["GET"]}}],"collection":[{"href":"https:\/\/moveislaranjo.com\/loja-online\/wp-json\/wp\/v2\/pages"}],"about":[{"href":"https:\/\/moveislaranjo.com\/loja-online\/wp-json\/wp\/v2\/types\/page"}],"author":[{"embeddable":true,"href":"https:\/\/moveislaranjo.com\/loja-online\/wp-json\/wp\/v2\/users\/2"}],"replies":[{"embeddable":true,"href":"https:\/\/moveislaranjo.com\/loja-online\/wp-json\/wp\/v2\/comments?post=8874"}],"version-history":[{"count":28,"href":"https:\/\/moveislaranjo.com\/loja-online\/wp-json\/wp\/v2\/pages\/8874\/revisions"}],"predecessor-version":[{"id":9125,"href":"https:\/\/moveislaranjo.com\/loja-online\/wp-json\/wp\/v2\/pages\/8874\/revisions\/9125"}],"wp:attachment":[{"href":"https:\/\/moveislaranjo.com\/loja-online\/wp-json\/wp\/v2\/media?parent=8874"}],"curies":[{"name":"wp","href":"https:\/\/api.w.org\/{rel}","templated":true}]}}